{"id":2680,"date":"2026-04-10T14:17:34","date_gmt":"2026-04-10T19:17:34","guid":{"rendered":"https:\/\/anotadito.com\/charlie\/?page_id=2680"},"modified":"2026-04-10T15:59:56","modified_gmt":"2026-04-10T20:59:56","slug":"libro-de-reclamaciones","status":"publish","type":"page","link":"https:\/\/anotadito.com\/charlie\/libro-de-reclamaciones\/","title":{"rendered":"Libro de Reclamaciones"},"content":{"rendered":"\t\t<div data-elementor-type=\"wp-page\" data-elementor-id=\"2680\" class=\"elementor elementor-2680\" data-elementor-post-type=\"page\">\n\t\t\t\t<div class=\"aux-parallax-section elementor-element elementor-element-f0d712a e-flex e-con-boxed e-con e-parent\" data-id=\"f0d712a\" data-element_type=\"container\" data-e-type=\"container\">\n\t\t\t\t\t<div class=\"e-con-inner\">\n\t\t\t\t<div class=\"elementor-element elementor-element-35cadfa elementor-widget elementor-widget-spacer\" data-id=\"35cadfa\" data-element_type=\"widget\" data-e-type=\"widget\" data-widget_type=\"spacer.default\">\n\t\t\t\t<div class=\"elementor-widget-container\">\n\t\t\t\t\t\t\t<div class=\"elementor-spacer\">\n\t\t\t<div class=\"elementor-spacer-inner\"><\/div>\n\t\t<\/div>\n\t\t\t\t\t\t<\/div>\n\t\t\t\t<\/div>\n\t\t\t\t<div class=\"elementor-element elementor-element-809d9cf elementor-widget elementor-widget-aux_modern_heading\" data-id=\"809d9cf\" data-element_type=\"widget\" data-e-type=\"widget\" data-widget_type=\"aux_modern_heading.default\">\n\t\t\t\t<div class=\"elementor-widget-container\">\n\t\t\t\t\t<section class=\"aux-widget-modern-heading\">\n            <div class=\"aux-widget-inner\"><h2 class=\"aux-modern-heading-primary\">Libro de Reclamaciones<\/h2><div class=\"aux-modern-heading-description\"><p style=\"background: #DCD0FF;padding: 10px;border-radius: 8px;text-align: left\">\n\ud83d\udcdd Registra aqu\u00ed tu reclamo o queja de forma r\u00e1pida y segura.<\/p>\n<p style=\"text-align: left\">Conforme a lo establecido por <strong>INDECOPI<\/strong>, ponemos a tu disposici\u00f3n nuestro Libro de Reclamaciones virtual.<\/p>\n<p style=\"text-align: left\">A trav\u00e9s de este formulario podr\u00e1s registrar un <strong>reclamo<\/strong> o una <strong>queja<\/strong> respecto a nuestros productos o servicios.<\/p>\n\n<h3 style=\"text-align: left\">\u00bfCu\u00e1l es la diferencia?<\/h3>\n<ul style=\"text-align: left\">\n \t<li><strong>Reclamo:<\/strong> Disconformidad relacionada a los productos o servicios recibidos.<\/li>\n \t<li><strong>Queja:<\/strong> Malestar o descontento respecto a la atenci\u00f3n brindada, sin estar directamente relacionado al producto o servicio.<\/li>\n<\/ul>\n<p style=\"text-align: left\">Tu solicitud ser\u00e1 atendida en un plazo m\u00e1ximo de <strong>15 d\u00edas h\u00e1biles<\/strong>.<\/p><\/div><\/div>\n        <\/section>\t\t\t\t<\/div>\n\t\t\t\t<\/div>\n\t\t\t\t<div class=\"elementor-element elementor-element-43e7abf elementor-widget elementor-widget-aux_contact_form\" data-id=\"43e7abf\" data-element_type=\"widget\" data-e-type=\"widget\" data-widget_type=\"aux_contact_form.default\">\n\t\t\t\t<div class=\"elementor-widget-container\">\n\t\t\t\t\t<section class=\"widget-container aux-widget-contact-form aux-parent-aue990f181\">            <div class=\"aux-col-wrapper aux-no-gutter\">\n            <!-- @TODO - The output for element here -->\n\n            \n<div class=\"wpcf7 no-js\" id=\"wpcf7-f2682-o1\" lang=\"es-PE\" dir=\"ltr\" data-wpcf7-id=\"2682\">\n<div class=\"screen-reader-response\"><p role=\"status\" aria-live=\"polite\" aria-atomic=\"true\"><\/p> <ul><\/ul><\/div>\n<form action=\"\/charlie\/wp-json\/wp\/v2\/pages\/2680#wpcf7-f2682-o1\" method=\"post\" class=\"wpcf7-form init\" aria-label=\"Contact form\" novalidate=\"novalidate\" data-status=\"init\">\n<fieldset class=\"hidden-fields-container\"><input type=\"hidden\" name=\"_wpcf7\" value=\"2682\" \/><input type=\"hidden\" name=\"_wpcf7_version\" value=\"6.1.5\" \/><input type=\"hidden\" name=\"_wpcf7_locale\" value=\"es_PE\" \/><input type=\"hidden\" name=\"_wpcf7_unit_tag\" value=\"wpcf7-f2682-o1\" \/><input type=\"hidden\" name=\"_wpcf7_container_post\" value=\"0\" \/><input type=\"hidden\" name=\"_wpcf7_posted_data_hash\" value=\"\" \/><input type=\"hidden\" name=\"_wpcf7_recaptcha_response\" value=\"\" \/>\n<\/fieldset>\n<div class=\"column one\">\n\t<p><span class=\"wpcf7-form-control-wrap\" data-name=\"nombre\"><input size=\"40\" maxlength=\"400\" class=\"wpcf7-form-control wpcf7-text wpcf7-validates-as-required\" aria-required=\"true\" aria-invalid=\"false\" placeholder=\"Nombre completo *\" value=\"\" type=\"text\" name=\"nombre\" \/><\/span>\n\t<\/p>\n<\/div>\n<div class=\"column one\">\n\t<p><span class=\"wpcf7-form-control-wrap\" data-name=\"documento\"><input size=\"40\" maxlength=\"400\" class=\"wpcf7-form-control wpcf7-text wpcf7-validates-as-required\" aria-required=\"true\" aria-invalid=\"false\" placeholder=\"DNI \/ Documento *\" value=\"\" type=\"text\" name=\"documento\" \/><\/span>\n\t<\/p>\n<\/div>\n<div class=\"column one\">\n\t<p><span class=\"wpcf7-form-control-wrap\" data-name=\"correo\"><input size=\"40\" maxlength=\"400\" class=\"wpcf7-form-control wpcf7-email wpcf7-validates-as-required wpcf7-text wpcf7-validates-as-email\" aria-required=\"true\" aria-invalid=\"false\" placeholder=\"Correo electr\u00f3nico *\" value=\"\" type=\"email\" name=\"correo\" \/><\/span>\n\t<\/p>\n<\/div>\n<div class=\"column one\">\n\t<p><span class=\"wpcf7-form-control-wrap\" data-name=\"telefono\"><input size=\"40\" maxlength=\"400\" class=\"wpcf7-form-control wpcf7-tel wpcf7-validates-as-required wpcf7-text wpcf7-validates-as-tel\" aria-required=\"true\" aria-invalid=\"false\" placeholder=\"Tel\u00e9fono *\" value=\"\" type=\"tel\" name=\"telefono\" \/><\/span>\n\t<\/p>\n<\/div>\n<div class=\"column one\">\n\t<p><span class=\"wpcf7-form-control-wrap\" data-name=\"direccion\"><input size=\"40\" maxlength=\"400\" class=\"wpcf7-form-control wpcf7-text wpcf7-validates-as-required\" aria-required=\"true\" aria-invalid=\"false\" placeholder=\"Direcci\u00f3n *\" value=\"\" type=\"text\" name=\"direccion\" \/><\/span>\n\t<\/p>\n<\/div>\n<div class=\"column one\">\n\t<p><span class=\"wpcf7-form-control-wrap\" data-name=\"tipo\"><select class=\"wpcf7-form-control wpcf7-select wpcf7-validates-as-required\" aria-required=\"true\" aria-invalid=\"false\" name=\"tipo\"><option value=\"\">Seleccione tipo *<\/option><option value=\"Reclamo\">Reclamo<\/option><option value=\"Queja\">Queja<\/option><\/select><\/span>\n\t<\/p>\n<\/div>\n<div class=\"column one\">\n\t<p><span class=\"wpcf7-form-control-wrap\" data-name=\"pedido\"><input size=\"40\" maxlength=\"400\" class=\"wpcf7-form-control wpcf7-text\" aria-invalid=\"false\" placeholder=\"N\u00b0 de pedido (opcional)\" value=\"\" type=\"text\" name=\"pedido\" \/><\/span>\n\t<\/p>\n<\/div>\n<div class=\"column one\">\n\t<p><span class=\"wpcf7-form-control-wrap\" data-name=\"detalle\"><textarea cols=\"40\" rows=\"10\" maxlength=\"2000\" class=\"wpcf7-form-control wpcf7-textarea wpcf7-validates-as-required\" aria-required=\"true\" aria-invalid=\"false\" placeholder=\"Detalle del reclamo *\" name=\"detalle\"><\/textarea><\/span>\n\t<\/p>\n<\/div>\n<div class=\"column one\">\n\t<p><span class=\"wpcf7-form-control-wrap\" data-name=\"solicitud\"><textarea cols=\"40\" rows=\"10\" maxlength=\"2000\" class=\"wpcf7-form-control wpcf7-textarea wpcf7-validates-as-required\" aria-required=\"true\" aria-invalid=\"false\" placeholder=\"\u00bfQu\u00e9 soluci\u00f3n esperas? *\" name=\"solicitud\"><\/textarea><\/span>\n\t<\/p>\n<\/div>\n<div class=\"column one\">\n\t<p><span class=\"wpcf7-form-control-wrap\" data-name=\"acepto\"><span class=\"wpcf7-form-control wpcf7-acceptance\"><span class=\"wpcf7-list-item\"><label><input type=\"checkbox\" name=\"acepto\" value=\"1\" aria-invalid=\"false\" \/><span class=\"wpcf7-list-item-label\">Declaro ser el titular del servicio y acepto el contenido de este formulario.<\/span><\/label><\/span><\/span><\/span>\n\t<\/p>\n<\/div>\n<div class=\"column one\">\n\t<p><input class=\"wpcf7-form-control wpcf7-submit has-spinner\" type=\"submit\" value=\"Enviar solicitud\" \/>\n\t<\/p>\n<\/div><div class=\"wpcf7-response-output\" aria-hidden=\"true\"><\/div>\n<\/form>\n<\/div>\n\n\n            <\/div><!-- aux-col-wrapper -->\n    <\/section><!-- widget-container -->\t\t\t\t<\/div>\n\t\t\t\t<\/div>\n\t\t\t\t<div class=\"elementor-element elementor-element-7ded92a elementor-widget elementor-widget-aux_modern_heading\" data-id=\"7ded92a\" data-element_type=\"widget\" data-e-type=\"widget\" data-widget_type=\"aux_modern_heading.default\">\n\t\t\t\t<div class=\"elementor-widget-container\">\n\t\t\t\t\t<section class=\"aux-widget-modern-heading\">\n            <div class=\"aux-widget-inner\"><h2 class=\"aux-modern-heading-primary\"><\/h2><div class=\"aux-modern-heading-description\"><hr>\n\n<p style=\"font-size: 14px;color: #666\">\nEn Anotadito nos comprometemos a brindarte una soluci\u00f3n clara y oportuna. Tu solicitud ser\u00e1 atendida dentro del plazo m\u00e1ximo de quince (15) d\u00edas h\u00e1biles.\n<\/p>\n\n<p style=\"font-size: 14px;color: #666\">\nNuestro objetivo es darte la mejor experiencia y resolver cualquier inconveniente de la manera m\u00e1s r\u00e1pida y efectiva posible.\n<\/p><\/div><\/div>\n        <\/section>\t\t\t\t<\/div>\n\t\t\t\t<\/div>\n\t\t\t\t<div class=\"elementor-element elementor-element-0a5864e elementor-widget elementor-widget-html\" data-id=\"0a5864e\" data-element_type=\"widget\" data-e-type=\"widget\" data-widget_type=\"html.default\">\n\t\t\t\t<div class=\"elementor-widget-container\">\n\t\t\t\t\t<script>\r\ndocument.addEventListener( 'wpcf7mailsent', function( event ) {\r\n    window.location.href = 'https:\/\/anotadito.com\/charlie\/gracias-reclamo\/';\r\n}, false );\r\n<\/script>\t\t\t\t<\/div>\n\t\t\t\t<\/div>\n\t\t\t\t\t<\/div>\n\t\t\t\t<\/div>\n\t\t\t\t<\/div>\n\t\t","protected":false},"excerpt":{"rendered":"<p>Libro de Reclamaciones \ud83d\udcdd Registra aqu\u00ed tu reclamo o queja de forma r\u00e1pida y segura. Conforme a lo establecido por INDECOPI, ponemos a tu disposici\u00f3n nuestro Libro de Reclamaciones virtual. A trav\u00e9s de este formulario podr\u00e1s registrar un reclamo o una queja respecto a nuestros productos o servicios. \u00bfCu\u00e1l es la diferencia? Reclamo: Disconformidad relacionada [&hellip;]<\/p>\n","protected":false},"author":1,"featured_media":0,"parent":0,"menu_order":0,"comment_status":"closed","ping_status":"closed","template":"","meta":{"footnotes":""},"class_list":["post-2680","page","type-page","status-publish","hentry"],"yoast_head":"<!-- This site is optimized with the Yoast SEO plugin v27.4 - https:\/\/yoast.com\/product\/yoast-seo-wordpress\/ -->\n<title>Libro de Reclamaciones - Anotadito | Cuadernos y Agendas Personalizadas<\/title>\n<meta name=\"robots\" content=\"noindex, follow, max-snippet:-1, max-image-preview:large, max-video-preview:-1\" \/>\n<meta property=\"og:locale\" content=\"es_ES\" \/>\n<meta property=\"og:type\" content=\"article\" \/>\n<meta property=\"og:title\" content=\"Libro de Reclamaciones - Anotadito | Cuadernos y Agendas Personalizadas\" \/>\n<meta property=\"og:description\" content=\"Libro de Reclamaciones \ud83d\udcdd Registra aqu\u00ed tu reclamo o queja de forma r\u00e1pida y segura. Conforme a lo establecido por INDECOPI, ponemos a tu disposici\u00f3n nuestro Libro de Reclamaciones virtual. A trav\u00e9s de este formulario podr\u00e1s registrar un reclamo o una queja respecto a nuestros productos o servicios. \u00bfCu\u00e1l es la diferencia? Reclamo: Disconformidad relacionada [&hellip;]\" \/>\n<meta property=\"og:url\" content=\"https:\/\/anotadito.com\/charlie\/libro-de-reclamaciones\/\" \/>\n<meta property=\"og:site_name\" content=\"Anotadito | Cuadernos y Agendas Personalizadas\" \/>\n<meta property=\"article:publisher\" content=\"https:\/\/www.facebook.com\/anotadito\" \/>\n<meta property=\"article:modified_time\" content=\"2026-04-10T20:59:56+00:00\" \/>\n<meta name=\"twitter:card\" content=\"summary_large_image\" \/>\n<meta name=\"twitter:label1\" content=\"Tiempo de lectura\" \/>\n\t<meta name=\"twitter:data1\" content=\"1 minuto\" \/>\n<script type=\"application\/ld+json\" class=\"yoast-schema-graph\">{\"@context\":\"https:\\\/\\\/schema.org\",\"@graph\":[{\"@type\":\"WebPage\",\"@id\":\"https:\\\/\\\/anotadito.com\\\/charlie\\\/libro-de-reclamaciones\\\/\",\"url\":\"https:\\\/\\\/anotadito.com\\\/charlie\\\/libro-de-reclamaciones\\\/\",\"name\":\"Libro de Reclamaciones - Anotadito | Cuadernos y Agendas Personalizadas\",\"isPartOf\":{\"@id\":\"https:\\\/\\\/anotadito.com\\\/charlie\\\/#website\"},\"datePublished\":\"2026-04-10T19:17:34+00:00\",\"dateModified\":\"2026-04-10T20:59:56+00:00\",\"breadcrumb\":{\"@id\":\"https:\\\/\\\/anotadito.com\\\/charlie\\\/libro-de-reclamaciones\\\/#breadcrumb\"},\"inLanguage\":\"es\",\"potentialAction\":[{\"@type\":\"ReadAction\",\"target\":[\"https:\\\/\\\/anotadito.com\\\/charlie\\\/libro-de-reclamaciones\\\/\"]}]},{\"@type\":\"BreadcrumbList\",\"@id\":\"https:\\\/\\\/anotadito.com\\\/charlie\\\/libro-de-reclamaciones\\\/#breadcrumb\",\"itemListElement\":[{\"@type\":\"ListItem\",\"position\":1,\"name\":\"Portada\",\"item\":\"https:\\\/\\\/anotadito.com\\\/charlie\\\/\"},{\"@type\":\"ListItem\",\"position\":2,\"name\":\"Libro de Reclamaciones\"}]},{\"@type\":\"WebSite\",\"@id\":\"https:\\\/\\\/anotadito.com\\\/charlie\\\/#website\",\"url\":\"https:\\\/\\\/anotadito.com\\\/charlie\\\/\",\"name\":\"Anotadito | Agendas y Cuadernos Personalizados en Per\u00fa\",\"description\":\"Cuadernos y agendas personalizadas hechas a pedido. Env\u00edos a todo el Per\u00fa.\",\"publisher\":{\"@id\":\"https:\\\/\\\/anotadito.com\\\/charlie\\\/#organization\"},\"potentialAction\":[{\"@type\":\"SearchAction\",\"target\":{\"@type\":\"EntryPoint\",\"urlTemplate\":\"https:\\\/\\\/anotadito.com\\\/charlie\\\/?s={search_term_string}\"},\"query-input\":{\"@type\":\"PropertyValueSpecification\",\"valueRequired\":true,\"valueName\":\"search_term_string\"}}],\"inLanguage\":\"es\"},{\"@type\":\"Organization\",\"@id\":\"https:\\\/\\\/anotadito.com\\\/charlie\\\/#organization\",\"name\":\"Anotadito | Agendas y Cuadernos Personalizados en Per\u00fa\",\"url\":\"https:\\\/\\\/anotadito.com\\\/charlie\\\/\",\"logo\":{\"@type\":\"ImageObject\",\"inLanguage\":\"es\",\"@id\":\"https:\\\/\\\/anotadito.com\\\/charlie\\\/#\\\/schema\\\/logo\\\/image\\\/\",\"url\":\"https:\\\/\\\/anotadito.com\\\/charlie\\\/wp-content\\\/uploads\\\/2026\\\/03\\\/logo01.webp\",\"contentUrl\":\"https:\\\/\\\/anotadito.com\\\/charlie\\\/wp-content\\\/uploads\\\/2026\\\/03\\\/logo01.webp\",\"width\":238,\"height\":112,\"caption\":\"Anotadito | Agendas y Cuadernos Personalizados en Per\u00fa\"},\"image\":{\"@id\":\"https:\\\/\\\/anotadito.com\\\/charlie\\\/#\\\/schema\\\/logo\\\/image\\\/\"},\"sameAs\":[\"https:\\\/\\\/www.facebook.com\\\/anotadito\",\"https:\\\/\\\/www.instagram.com\\\/anotadito\\\/\"]}]}<\/script>\n<!-- \/ Yoast SEO plugin. -->","yoast_head_json":{"title":"Libro de Reclamaciones - Anotadito | Cuadernos y Agendas Personalizadas","robots":{"index":"noindex","follow":"follow","max-snippet":"max-snippet:-1","max-image-preview":"max-image-preview:large","max-video-preview":"max-video-preview:-1"},"og_locale":"es_ES","og_type":"article","og_title":"Libro de Reclamaciones - Anotadito | Cuadernos y Agendas Personalizadas","og_description":"Libro de Reclamaciones \ud83d\udcdd Registra aqu\u00ed tu reclamo o queja de forma r\u00e1pida y segura. Conforme a lo establecido por INDECOPI, ponemos a tu disposici\u00f3n nuestro Libro de Reclamaciones virtual. A trav\u00e9s de este formulario podr\u00e1s registrar un reclamo o una queja respecto a nuestros productos o servicios. \u00bfCu\u00e1l es la diferencia? Reclamo: Disconformidad relacionada [&hellip;]","og_url":"https:\/\/anotadito.com\/charlie\/libro-de-reclamaciones\/","og_site_name":"Anotadito | Cuadernos y Agendas Personalizadas","article_publisher":"https:\/\/www.facebook.com\/anotadito","article_modified_time":"2026-04-10T20:59:56+00:00","twitter_card":"summary_large_image","twitter_misc":{"Tiempo de lectura":"1 minuto"},"schema":{"@context":"https:\/\/schema.org","@graph":[{"@type":"WebPage","@id":"https:\/\/anotadito.com\/charlie\/libro-de-reclamaciones\/","url":"https:\/\/anotadito.com\/charlie\/libro-de-reclamaciones\/","name":"Libro de Reclamaciones - Anotadito | Cuadernos y Agendas Personalizadas","isPartOf":{"@id":"https:\/\/anotadito.com\/charlie\/#website"},"datePublished":"2026-04-10T19:17:34+00:00","dateModified":"2026-04-10T20:59:56+00:00","breadcrumb":{"@id":"https:\/\/anotadito.com\/charlie\/libro-de-reclamaciones\/#breadcrumb"},"inLanguage":"es","potentialAction":[{"@type":"ReadAction","target":["https:\/\/anotadito.com\/charlie\/libro-de-reclamaciones\/"]}]},{"@type":"BreadcrumbList","@id":"https:\/\/anotadito.com\/charlie\/libro-de-reclamaciones\/#breadcrumb","itemListElement":[{"@type":"ListItem","position":1,"name":"Portada","item":"https:\/\/anotadito.com\/charlie\/"},{"@type":"ListItem","position":2,"name":"Libro de Reclamaciones"}]},{"@type":"WebSite","@id":"https:\/\/anotadito.com\/charlie\/#website","url":"https:\/\/anotadito.com\/charlie\/","name":"Anotadito | Agendas y Cuadernos Personalizados en Per\u00fa","description":"Cuadernos y agendas personalizadas hechas a pedido. Env\u00edos a todo el Per\u00fa.","publisher":{"@id":"https:\/\/anotadito.com\/charlie\/#organization"},"potentialAction":[{"@type":"SearchAction","target":{"@type":"EntryPoint","urlTemplate":"https:\/\/anotadito.com\/charlie\/?s={search_term_string}"},"query-input":{"@type":"PropertyValueSpecification","valueRequired":true,"valueName":"search_term_string"}}],"inLanguage":"es"},{"@type":"Organization","@id":"https:\/\/anotadito.com\/charlie\/#organization","name":"Anotadito | Agendas y Cuadernos Personalizados en Per\u00fa","url":"https:\/\/anotadito.com\/charlie\/","logo":{"@type":"ImageObject","inLanguage":"es","@id":"https:\/\/anotadito.com\/charlie\/#\/schema\/logo\/image\/","url":"https:\/\/anotadito.com\/charlie\/wp-content\/uploads\/2026\/03\/logo01.webp","contentUrl":"https:\/\/anotadito.com\/charlie\/wp-content\/uploads\/2026\/03\/logo01.webp","width":238,"height":112,"caption":"Anotadito | Agendas y Cuadernos Personalizados en Per\u00fa"},"image":{"@id":"https:\/\/anotadito.com\/charlie\/#\/schema\/logo\/image\/"},"sameAs":["https:\/\/www.facebook.com\/anotadito","https:\/\/www.instagram.com\/anotadito\/"]}]}},"_links":{"self":[{"href":"https:\/\/anotadito.com\/charlie\/wp-json\/wp\/v2\/pages\/2680","targetHints":{"allow":["GET"]}}],"collection":[{"href":"https:\/\/anotadito.com\/charlie\/wp-json\/wp\/v2\/pages"}],"about":[{"href":"https:\/\/anotadito.com\/charlie\/wp-json\/wp\/v2\/types\/page"}],"author":[{"embeddable":true,"href":"https:\/\/anotadito.com\/charlie\/wp-json\/wp\/v2\/users\/1"}],"replies":[{"embeddable":true,"href":"https:\/\/anotadito.com\/charlie\/wp-json\/wp\/v2\/comments?post=2680"}],"version-history":[{"count":25,"href":"https:\/\/anotadito.com\/charlie\/wp-json\/wp\/v2\/pages\/2680\/revisions"}],"predecessor-version":[{"id":2713,"href":"https:\/\/anotadito.com\/charlie\/wp-json\/wp\/v2\/pages\/2680\/revisions\/2713"}],"wp:attachment":[{"href":"https:\/\/anotadito.com\/charlie\/wp-json\/wp\/v2\/media?parent=2680"}],"curies":[{"name":"wp","href":"https:\/\/api.w.org\/{rel}","templated":true}]}}