{"id":2628,"date":"2026-04-10T11:16:52","date_gmt":"2026-04-10T16:16:52","guid":{"rendered":"https:\/\/anotadito.com\/charlie\/?page_id=2628"},"modified":"2026-04-10T11:33:13","modified_gmt":"2026-04-10T16:33:13","slug":"como-comprar","status":"publish","type":"page","link":"https:\/\/anotadito.com\/charlie\/como-comprar\/","title":{"rendered":"C\u00f3mo comprar"},"content":{"rendered":"\t\t<div data-elementor-type=\"wp-page\" data-elementor-id=\"2628\" class=\"elementor elementor-2628\" data-elementor-post-type=\"page\">\n\t\t\t\t<div class=\"aux-parallax-section elementor-element elementor-element-62aeaae e-flex e-con-boxed e-con e-parent\" data-id=\"62aeaae\" data-element_type=\"container\" data-e-type=\"container\">\n\t\t\t\t\t<div class=\"e-con-inner\">\n\t\t\t\t<div class=\"elementor-element elementor-element-d152177 elementor-widget elementor-widget-spacer\" data-id=\"d152177\" data-element_type=\"widget\" data-e-type=\"widget\" data-widget_type=\"spacer.default\">\n\t\t\t\t<div class=\"elementor-widget-container\">\n\t\t\t\t\t\t\t<div class=\"elementor-spacer\">\n\t\t\t<div class=\"elementor-spacer-inner\"><\/div>\n\t\t<\/div>\n\t\t\t\t\t\t<\/div>\n\t\t\t\t<\/div>\n\t\t\t\t\t<\/div>\n\t\t\t\t<\/div>\n\t\t<div class=\"aux-parallax-section elementor-element elementor-element-c7f022c e-flex e-con-boxed e-con e-parent\" data-id=\"c7f022c\" data-element_type=\"container\" data-e-type=\"container\">\n\t\t\t\t\t<div class=\"e-con-inner\">\n\t\t\t\t<div class=\"elementor-element elementor-element-85b1285 elementor-widget elementor-widget-aux_modern_heading\" data-id=\"85b1285\" data-element_type=\"widget\" data-e-type=\"widget\" data-widget_type=\"aux_modern_heading.default\">\n\t\t\t\t<div class=\"elementor-widget-container\">\n\t\t\t\t\t<section class=\"aux-widget-modern-heading\">\n            <div class=\"aux-widget-inner\"><h2 class=\"aux-modern-heading-primary\"><\/h2><div class=\"aux-modern-heading-divider\"><\/div><div class=\"aux-modern-heading-description\"><section style=\"font-family: 'Segoe UI', sans-serif;color: #333;line-height: 1.6;max-width: 800px;margin: auto\">\n\n  <h1 style=\"text-align: center;color: #5a2d82\">\u00bfC\u00f3mo comprar en Anotadito?<\/h1>\n  <p style=\"text-align: center\">Sigue estos simples pasos para realizar tu pedido de forma r\u00e1pida y segura \ud83d\uded2<\/p>\n\n  <hr>\n\n  <h3>1. Elige tu producto<\/h3>\n  <p>Puedes explorar nuestra tienda por categor\u00edas, usar los filtros o escribir directamente en el buscador el producto que deseas.<\/p>\n\n  <h3>2. Personaliza tu producto<\/h3>\n  <p>Escribe el nombre que deseas colocar en la portada.<\/p>\n  <p>Si deseas agregar fotos, env\u00edalas a:<\/p>\n  <ul>\n    <li>\ud83d\udce7 ventas@anotadito.com<\/li>\n    <li>\ud83d\udcf2 WhatsApp: 947 390 524<\/li>\n  <\/ul>\n\n  <h3>3. A\u00f1ade al carrito<\/h3>\n  <p>Haz clic en <strong>\u201cA\u00f1adir al carrito\u201d<\/strong>. Aqu\u00ed puedes modificar las cantidades si lo deseas.<\/p>\n  <p>Luego puedes seguir comprando o ir directamente a finalizar tu pedido.<\/p>\n\n  <h3>4. Finaliza tu compra<\/h3>\n  <p>Completa correctamente tus datos:<\/p>\n  <ul>\n    <li>Nombre completo<\/li>\n    <li>N\u00famero de WhatsApp<\/li>\n    <li>Departamento, provincia y distrito<\/li>\n    <li>Direcci\u00f3n exacta de entrega<\/li>\n  <\/ul>\n\n  <p>Tambi\u00e9n puedes usar el campo de <strong>\u201cNotas del pedido\u201d<\/strong> para agregar instrucciones adicionales.<\/p>\n\n  <h3>5. Elige el m\u00e9todo de env\u00edo<\/h3>\n  <ul>\n    <li>\ud83d\ude9a Env\u00edo por Shalom<\/li>\n    <li>\ud83d\udce6 Courier<\/li>\n    <li>\ud83d\udef5 Motorizado<\/li>\n    <li>\ud83d\ude89 Entrega en el tren<\/li>\n    <li>\ud83d\ude8c Entrega en el Metropolitano<\/li>\n    <li>\ud83d\udccd Entrega en Open Plaza Angamos (Gratis)<\/li>\n  <\/ul>\n\n  <h3>6. Elige tu m\u00e9todo de pago<\/h3>\n  <ul>\n    <li>\ud83d\udcf1 Yape \/ Plin<\/li>\n    <li>\ud83d\udcb3 Tarjeta de d\u00e9bito o cr\u00e9dito (Niubiz)<\/li>\n  <\/ul>\n\n  <p><strong>Importante:<\/strong><\/p>\n  <ul>\n    <li>Si pagas por Yape o Plin, env\u00eda tu comprobante al WhatsApp: 947 390 524<\/li>\n    <li>Los pagos con tarjeta se procesan autom\u00e1ticamente<\/li>\n  <\/ul>\n\n  <h3>7. Confirmaci\u00f3n del pedido<\/h3>\n  <p>Te contactaremos si necesitamos alg\u00fan detalle adicional.<\/p>\n\n  <h3>8. Producci\u00f3n y env\u00edo<\/h3>\n  <p>Al finalizar tu pedido, te enviaremos una foto o video del producto terminado.<\/p>\n  <p>Luego procederemos con el env\u00edo seg\u00fan la opci\u00f3n que elegiste.<\/p>\n\n  <!-- BLOQUE DESTACADO -->\n  <div style=\"border: 2px dashed #5a2d82;background-color: #f7f2fb;padding: 20px;border-radius: 12px;margin-top: 25px\">\n    \n    <h3 style=\"color:#5a2d82;margin-top:0\">\u2728 Personalizaci\u00f3n avanzada<\/h3>\n    \n    <p>\u00bfQuieres algo a\u00fan m\u00e1s \u00fanico? Tambi\u00e9n realizamos personalizaciones completas como:<\/p>\n    \n    <ul>\n      <li>\ud83c\udfa8 Cambio total de portada<\/li>\n      <li>\ud83d\udcdd Modificaci\u00f3n de hojas internas<\/li>\n      <li>\ud83d\udcac Agregar frases, nombres o dedicatorias especiales<\/li>\n      <li>\ud83d\uddbc\ufe0f Incorporaci\u00f3n de fotos personalizadas<\/li>\n      <li>\ud83d\ude80 Dise\u00f1os desde cero seg\u00fan tu idea o tem\u00e1tica<\/li>\n    <\/ul>\n\n    <p><strong>Cont\u00e1ctanos directamente para cotizar tu idea:<\/strong><\/p>\n    \n    <p>\n      \ud83d\udcf2 WhatsApp: 947 390 524<br>\n      \ud83d\udce7 ventas@anotadito.com\n    <\/p>\n\n  <\/div>\n\n  <!-- BOTONES -->\n  <div style=\"text-align:center;margin-top:30px\">\n    <a href=\"\/tienda\" style=\"background:#5a2d82;color:white;padding:14px 22px;border-radius:10px;text-decoration:none;margin:5px;display:inline-block\">\n      \ud83d\uded2 Comprar ahora\n    <\/a>\n\n    <a href=\"https:\/\/wa.me\/51947390524\" target=\"_blank\" style=\"background:#25D366;color:white;padding:14px 22px;border-radius:10px;text-decoration:none;margin:5px;display:inline-block\">\n      \ud83d\udcf2 Hablar por WhatsApp\n    <\/a>\n  <\/div>\n\n  <hr>\n\n  <p style=\"text-align: center\">\n    \ud83d\udc9c Gracias por confiar en Anotadito \ud83d\udc9c<br>\n    Creamos productos \u00fanicos, hechos especialmente para ti.\n  <\/p>\n\n<\/section><\/div><\/div>\n        <\/section>\t\t\t\t<\/div>\n\t\t\t\t<\/div>\n\t\t\t\t\t<\/div>\n\t\t\t\t<\/div>\n\t\t\t\t<\/div>\n\t\t","protected":false},"excerpt":{"rendered":"<p>\u00bfC\u00f3mo comprar en Anotadito? Sigue estos simples pasos para realizar tu pedido de forma r\u00e1pida y segura \ud83d\uded2 1. Elige tu producto Puedes explorar nuestra tienda por categor\u00edas, usar los filtros o escribir directamente en el buscador el producto que deseas. 2. Personaliza tu producto Escribe el nombre que deseas colocar en la portada. Si [&hellip;]<\/p>\n","protected":false},"author":1,"featured_media":0,"parent":0,"menu_order":0,"comment_status":"closed","ping_status":"closed","template":"","meta":{"footnotes":""},"class_list":["post-2628","page","type-page","status-publish","hentry"],"yoast_head":"<!-- This site is optimized with the Yoast SEO plugin v27.4 - https:\/\/yoast.com\/product\/yoast-seo-wordpress\/ -->\n<title>C\u00f3mo comprar - Anotadito | Cuadernos y Agendas Personalizadas<\/title>\n<meta name=\"robots\" content=\"noindex, follow, max-snippet:-1, max-image-preview:large, max-video-preview:-1\" \/>\n<meta property=\"og:locale\" content=\"es_ES\" \/>\n<meta property=\"og:type\" content=\"article\" \/>\n<meta property=\"og:title\" content=\"C\u00f3mo comprar - Anotadito | Cuadernos y Agendas Personalizadas\" \/>\n<meta property=\"og:description\" content=\"\u00bfC\u00f3mo comprar en Anotadito? Sigue estos simples pasos para realizar tu pedido de forma r\u00e1pida y segura \ud83d\uded2 1. Elige tu producto Puedes explorar nuestra tienda por categor\u00edas, usar los filtros o escribir directamente en el buscador el producto que deseas. 2. Personaliza tu producto Escribe el nombre que deseas colocar en la portada. Si [&hellip;]\" \/>\n<meta property=\"og:url\" content=\"https:\/\/anotadito.com\/charlie\/como-comprar\/\" \/>\n<meta property=\"og:site_name\" content=\"Anotadito | Cuadernos y Agendas Personalizadas\" \/>\n<meta property=\"article:publisher\" content=\"https:\/\/www.facebook.com\/anotadito\" \/>\n<meta property=\"article:modified_time\" content=\"2026-04-10T16:33:13+00:00\" \/>\n<meta name=\"twitter:card\" content=\"summary_large_image\" \/>\n<meta name=\"twitter:label1\" content=\"Tiempo de lectura\" \/>\n\t<meta name=\"twitter:data1\" content=\"6 minutos\" \/>\n<script type=\"application\/ld+json\" class=\"yoast-schema-graph\">{\"@context\":\"https:\\\/\\\/schema.org\",\"@graph\":[{\"@type\":\"WebPage\",\"@id\":\"https:\\\/\\\/anotadito.com\\\/charlie\\\/como-comprar\\\/\",\"url\":\"https:\\\/\\\/anotadito.com\\\/charlie\\\/como-comprar\\\/\",\"name\":\"C\u00f3mo comprar - Anotadito | Cuadernos y Agendas Personalizadas\",\"isPartOf\":{\"@id\":\"https:\\\/\\\/anotadito.com\\\/charlie\\\/#website\"},\"datePublished\":\"2026-04-10T16:16:52+00:00\",\"dateModified\":\"2026-04-10T16:33:13+00:00\",\"breadcrumb\":{\"@id\":\"https:\\\/\\\/anotadito.com\\\/charlie\\\/como-comprar\\\/#breadcrumb\"},\"inLanguage\":\"es\",\"potentialAction\":[{\"@type\":\"ReadAction\",\"target\":[\"https:\\\/\\\/anotadito.com\\\/charlie\\\/como-comprar\\\/\"]}]},{\"@type\":\"BreadcrumbList\",\"@id\":\"https:\\\/\\\/anotadito.com\\\/charlie\\\/como-comprar\\\/#breadcrumb\",\"itemListElement\":[{\"@type\":\"ListItem\",\"position\":1,\"name\":\"Portada\",\"item\":\"https:\\\/\\\/anotadito.com\\\/charlie\\\/\"},{\"@type\":\"ListItem\",\"position\":2,\"name\":\"C\u00f3mo comprar\"}]},{\"@type\":\"WebSite\",\"@id\":\"https:\\\/\\\/anotadito.com\\\/charlie\\\/#website\",\"url\":\"https:\\\/\\\/anotadito.com\\\/charlie\\\/\",\"name\":\"Anotadito | Agendas y Cuadernos Personalizados en Per\u00fa\",\"description\":\"Cuadernos y agendas personalizadas hechas a pedido. Env\u00edos a todo el Per\u00fa.\",\"publisher\":{\"@id\":\"https:\\\/\\\/anotadito.com\\\/charlie\\\/#organization\"},\"potentialAction\":[{\"@type\":\"SearchAction\",\"target\":{\"@type\":\"EntryPoint\",\"urlTemplate\":\"https:\\\/\\\/anotadito.com\\\/charlie\\\/?s={search_term_string}\"},\"query-input\":{\"@type\":\"PropertyValueSpecification\",\"valueRequired\":true,\"valueName\":\"search_term_string\"}}],\"inLanguage\":\"es\"},{\"@type\":\"Organization\",\"@id\":\"https:\\\/\\\/anotadito.com\\\/charlie\\\/#organization\",\"name\":\"Anotadito | Agendas y Cuadernos Personalizados en Per\u00fa\",\"url\":\"https:\\\/\\\/anotadito.com\\\/charlie\\\/\",\"logo\":{\"@type\":\"ImageObject\",\"inLanguage\":\"es\",\"@id\":\"https:\\\/\\\/anotadito.com\\\/charlie\\\/#\\\/schema\\\/logo\\\/image\\\/\",\"url\":\"https:\\\/\\\/anotadito.com\\\/charlie\\\/wp-content\\\/uploads\\\/2026\\\/03\\\/logo01.webp\",\"contentUrl\":\"https:\\\/\\\/anotadito.com\\\/charlie\\\/wp-content\\\/uploads\\\/2026\\\/03\\\/logo01.webp\",\"width\":238,\"height\":112,\"caption\":\"Anotadito | Agendas y Cuadernos Personalizados en Per\u00fa\"},\"image\":{\"@id\":\"https:\\\/\\\/anotadito.com\\\/charlie\\\/#\\\/schema\\\/logo\\\/image\\\/\"},\"sameAs\":[\"https:\\\/\\\/www.facebook.com\\\/anotadito\",\"https:\\\/\\\/www.instagram.com\\\/anotadito\\\/\"]}]}<\/script>\n<!-- \/ Yoast SEO plugin. -->","yoast_head_json":{"title":"C\u00f3mo comprar - Anotadito | Cuadernos y Agendas Personalizadas","robots":{"index":"noindex","follow":"follow","max-snippet":"max-snippet:-1","max-image-preview":"max-image-preview:large","max-video-preview":"max-video-preview:-1"},"og_locale":"es_ES","og_type":"article","og_title":"C\u00f3mo comprar - Anotadito | Cuadernos y Agendas Personalizadas","og_description":"\u00bfC\u00f3mo comprar en Anotadito? Sigue estos simples pasos para realizar tu pedido de forma r\u00e1pida y segura \ud83d\uded2 1. Elige tu producto Puedes explorar nuestra tienda por categor\u00edas, usar los filtros o escribir directamente en el buscador el producto que deseas. 2. Personaliza tu producto Escribe el nombre que deseas colocar en la portada. Si [&hellip;]","og_url":"https:\/\/anotadito.com\/charlie\/como-comprar\/","og_site_name":"Anotadito | Cuadernos y Agendas Personalizadas","article_publisher":"https:\/\/www.facebook.com\/anotadito","article_modified_time":"2026-04-10T16:33:13+00:00","twitter_card":"summary_large_image","twitter_misc":{"Tiempo de lectura":"6 minutos"},"schema":{"@context":"https:\/\/schema.org","@graph":[{"@type":"WebPage","@id":"https:\/\/anotadito.com\/charlie\/como-comprar\/","url":"https:\/\/anotadito.com\/charlie\/como-comprar\/","name":"C\u00f3mo comprar - Anotadito | Cuadernos y Agendas Personalizadas","isPartOf":{"@id":"https:\/\/anotadito.com\/charlie\/#website"},"datePublished":"2026-04-10T16:16:52+00:00","dateModified":"2026-04-10T16:33:13+00:00","breadcrumb":{"@id":"https:\/\/anotadito.com\/charlie\/como-comprar\/#breadcrumb"},"inLanguage":"es","potentialAction":[{"@type":"ReadAction","target":["https:\/\/anotadito.com\/charlie\/como-comprar\/"]}]},{"@type":"BreadcrumbList","@id":"https:\/\/anotadito.com\/charlie\/como-comprar\/#breadcrumb","itemListElement":[{"@type":"ListItem","position":1,"name":"Portada","item":"https:\/\/anotadito.com\/charlie\/"},{"@type":"ListItem","position":2,"name":"C\u00f3mo comprar"}]},{"@type":"WebSite","@id":"https:\/\/anotadito.com\/charlie\/#website","url":"https:\/\/anotadito.com\/charlie\/","name":"Anotadito | Agendas y Cuadernos Personalizados en Per\u00fa","description":"Cuadernos y agendas personalizadas hechas a pedido. Env\u00edos a todo el Per\u00fa.","publisher":{"@id":"https:\/\/anotadito.com\/charlie\/#organization"},"potentialAction":[{"@type":"SearchAction","target":{"@type":"EntryPoint","urlTemplate":"https:\/\/anotadito.com\/charlie\/?s={search_term_string}"},"query-input":{"@type":"PropertyValueSpecification","valueRequired":true,"valueName":"search_term_string"}}],"inLanguage":"es"},{"@type":"Organization","@id":"https:\/\/anotadito.com\/charlie\/#organization","name":"Anotadito | Agendas y Cuadernos Personalizados en Per\u00fa","url":"https:\/\/anotadito.com\/charlie\/","logo":{"@type":"ImageObject","inLanguage":"es","@id":"https:\/\/anotadito.com\/charlie\/#\/schema\/logo\/image\/","url":"https:\/\/anotadito.com\/charlie\/wp-content\/uploads\/2026\/03\/logo01.webp","contentUrl":"https:\/\/anotadito.com\/charlie\/wp-content\/uploads\/2026\/03\/logo01.webp","width":238,"height":112,"caption":"Anotadito | Agendas y Cuadernos Personalizados en Per\u00fa"},"image":{"@id":"https:\/\/anotadito.com\/charlie\/#\/schema\/logo\/image\/"},"sameAs":["https:\/\/www.facebook.com\/anotadito","https:\/\/www.instagram.com\/anotadito\/"]}]}},"_links":{"self":[{"href":"https:\/\/anotadito.com\/charlie\/wp-json\/wp\/v2\/pages\/2628","targetHints":{"allow":["GET"]}}],"collection":[{"href":"https:\/\/anotadito.com\/charlie\/wp-json\/wp\/v2\/pages"}],"about":[{"href":"https:\/\/anotadito.com\/charlie\/wp-json\/wp\/v2\/types\/page"}],"author":[{"embeddable":true,"href":"https:\/\/anotadito.com\/charlie\/wp-json\/wp\/v2\/users\/1"}],"replies":[{"embeddable":true,"href":"https:\/\/anotadito.com\/charlie\/wp-json\/wp\/v2\/comments?post=2628"}],"version-history":[{"count":14,"href":"https:\/\/anotadito.com\/charlie\/wp-json\/wp\/v2\/pages\/2628\/revisions"}],"predecessor-version":[{"id":2647,"href":"https:\/\/anotadito.com\/charlie\/wp-json\/wp\/v2\/pages\/2628\/revisions\/2647"}],"wp:attachment":[{"href":"https:\/\/anotadito.com\/charlie\/wp-json\/wp\/v2\/media?parent=2628"}],"curies":[{"name":"wp","href":"https:\/\/api.w.org\/{rel}","templated":true}]}}